20 + 2*b**5/15 - 2*b**2 + 5. Determine r(-8).
0
Suppose 13*h = -185 + 146. Let m(l) = 3*l**2 - 2*l - 9. Calculate m(h).
24
Let n = -23 - -14. Let u(c) = -30*c - 6 - 18*c + 39*c - c**2. Let m be u(n). Let z(f) = f**3 + 7*f**2 + 7*f + 2. Give z(m).
-4
Let j(a) = -5*a - 121*a**2 + 2 - 7 + 120*a**2. Suppose -4*w + b - 5 = -4*b, 0 = -3*w + 3*b - 6. Determine j(w).
-5
Let v(h) = -h**3 - 10*h**2 + 3. Let x(z) = -2*z - 64. Let w be x(-27). Give v(w).
3
Let n(m) = m**3 - 6*m**2 - m - 3. Let i(o) = -36*o - 5. Let x be i(-2). Suppose -9*s = -x + 13. What is n(s)?
-9
Let c(v) = v**2 + 30*v + 97. Let p be c(-4). Let q(j) be the third derivative of -j**5/60 - j**4/3 - 2*j**3/3 + j**2. Calculate q(p).
3
Suppose -16*r = -17*r + 44. Suppose -10*x = x - r. Let t(c) = c**3 - 3*c**2 - 5*c + 2. Calculate t(x).
-2
Let u(c) = 3*c**3 - 4*c**3 - 5*c**2 - 2*c**2 + 9. Let h(w) = w - 17. Let j be h(10). Give u(j).
9
Let x(s) be the second derivative of s**3/6 - 3*s**2 - 120*s. Give x(6).
0
Let z(b) be the third derivative of -b**6/120 - b**5/10 - 5*b**4/24 - 2*b**3/3 + 2*b**2 + 69*b. Calculate z(-3).
-16
Suppose 0*h - 2*i = -h + 13, 3*h = -4*i - 11. Let f(q) = -q**3 - q + 4. Determine f(h).
-26
Let f be 2*1/(-2)*-4. Suppose 17 = -h - f*m + 7, 0 = 5*m + 20. Suppose 0*j = -2*j + h. Let r(o) = 4*o + 2. Give r(j).
14
Let z be (12/(-10))/((-18)/45). Let m(n) = -n**3 + 4*n**2 - 5*n - 1. Determine m(z).
-7
Let b(x) = -23*x**2 - 2*x - 1. Let k = -677 - -676. Give b(k).
-22
Let j = 311 - 310. Let u(a) = -30*a + 1. What is u(j)?
-29
Let j(b) be the first derivative of -b**2 - 23*b - 182. Determine j(-10).
-3
Let v(f) = -119*f - 2. Let y(s) = -446*s - 7. Let x(i) = -15*v(i) + 4*y(i). Let j(d) = 10*d + 1. Let n be j(-1). Give x(n).
-7
Let p(j) be the first derivative of -10 - 1/2*j**2 - j. Suppose -6 + 14 = 2*b. What is p(b)?
-5
Let b(n) = n + 5. Let h(p) = 15 - 10*p + 3*p + 3*p + p. Let d be h(7). Give b(d).
-1
Let h = -5 - -8. Let i(l) = 0*l**h + 9*l**3 + 2*l - 8*l**3. Suppose -3*r + 2*z = -z + 18, 2*r = -4*z + 12. What is i(r)?
-12
Suppose 8 = -2*p + 2*n + n, -2*n = -p - 4. Let a(l) = -l**2 - 6*l - 5. Let h be a(p). Let q(m) = -3 + 1 + 3*m**2 - m**3 - 506*m + 507*m. What is q(h)?
1
Let d(u) = u**2 - 4*u - 13. Let x(s) = -s**2 + 7*s + 14. Let j(m) = 6*d(m) + 5*x(m). Determine j(-13).
18
Let t(n) = 979*n + 983*n - 3926*n + 987*n + 987*n. Determine t(-2).
-20
Let i(u) = u**3 + 6*u**2 + 8. Let l(g) = g**3 + 7*g**2 + 3*g + 15. Let d = 2 - 2. Suppose -c + 2 - 9 = d. Let t be l(c). What is i(t)?
8
Let a = 1113 + -1123. Let r(c) = 2*c + 11. Calculate r(a).
-9
Let t(d) = -d - 16. Let x = 91 - 88. Suppose x*r = 42 - 42. What is t(r)?
-16
Let u(p) = -16*p. Let d(k) = 72*k + 1. Let t(a) = d(a) + 5*u(a). Suppose 3*y - 3*x - 28 = 2*x, -3*y = 5*x + 22. Give t(y).
-7
Let f(w) = -w - 3. Let y be 322/(-70) - 6/(-10). Give f(y).
1
Let w(i) = -3*i**3 - 2*i**2 - 3*i - 1. Suppose f = -2*f - 6. Let u(m) be the first derivative of -m**4/4 + m**3/3 + m - 1. Let k(j) = f*u(j) + w(j). Give k(-4).
9
Let k(n) = n**3 - 4*n**2 + 2*n + 5. Suppose 20 = 2*x - 4*y, 3 = -3*x + 4*y - 9*y. Determine k(x).
13
Let g(x) = -x + 5. Let y(d) = d**3 + 3*d**2 - 3*d + 11. Let l be y(-4). Determine g(l).
-2
Let g = -372 - -373. Let f(o) = 7*o**2 - 2*o + 1. Calculate f(g).
6
Let h(p) be the second derivative of 1/6*p**3 + 4*p**2 + 33*p + 0. Give h(-4).
4
Let z(s) = 7*s**3 - 7*s + 12*s - 8*s**3 + 6 - 4*s**2. What is z(-5)?
6
Let m(f) = -7*f + 17. Suppose -u - z = -3, -9 = -3*u + 38*z - 34*z. Calculate m(u).
-4
Let v(j) = 3 + 2 + 89*j + 4 - 88*j - 1. Let n = 5 - 11. Give v(n).
2
Let k(z) be the third derivative of -z**6/120 + 7*z**5/60 + 3*z**4/8 - 2*z**3 - 21*z**2. What is k(8)?
-4
Let d(v) be the second derivative of 0 - 7*v - v**2 - 1/3*v**3. Calculate d(2).
-6
Suppose 12 = -3*o - 4*q - 14, 0 = -3*o + 3*q + 9. Let c(k) = 2 - 4 - 4*k + 4 - 3. Let v(b) = -b. Let w(y) = c(y) - 5*v(y). Determine w(o).
-3
Let x(o) = -o**2 - 3*o + 12. Let c be x(-5). Let j(l) = -3*l**2 + 7 - 7*l + 2*l**c + 2*l**2. Give j(5).
-3
Suppose 0 = -4*g + 12 - 8. Let t be -2 + 0 + -5 + g. Let y(r) = 5*r + 4. Let s(n) = -14*n - 12. Let u(v) = 3*s(v) + 8*y(v). What is u(t)?
8
Let v(g) = 2*g**2 - 7*g + 5. Let m(q) = -5*q**2 + 19*q - 14. Let t(c) = -3*m(c) - 8*v(c). Give t(3).
-10
Let o(u) = u**2 + u + 4. Let w = 30 + -25. Suppose 3*c + w*x - 5 = -25, 2*c - x - 4 = 0. What is o(c)?
4
Let k(m) = -2*m + 4. Let q be k(4). Let p(u) = 5*u + 1. Let d = 8 + -5. Let w(s) = 26*s + 4. Let r(y) = d*w(y) - 16*p(y). Give r(q).
4
Let s(p) = p**2 + 3*p - 3. Let t be (-3)/((-9)/3)*2. Suppose -t*g = -9 + 5. Calculate s(g).
7
Suppose 5*k + 15 = a + a, a - 7 = 2*k. Let b(u) = -u + 3. Suppose 4*o - 8 = -24. Let c(v) = -v + 2. Let y(i) = o*b(i) + 5*c(i). Determine y(a).
-7
Let a(c) = 5*c**2 + 7*c - 7. Let g = -8 - -11. Let h(i) = -2*i**2 - 4*i + 3. Let n = -115 - -122. Let j(z) = g*a(z) + n*h(z). What is j(6)?
-6
Let i(q) = -3*q + 41*q**2 + 6 - 39*q**2 + 6 - 14. Give i(-2).
12
Let o(d) be the second derivative of d**4/6 + 13*d**3/6 + 7*d**2/2 + d + 4. Give o(-5).
-8
Let k(f) be the third derivative of -f**5/30 + 5*f**3/6 + 28*f**2. Let w be k(2). Let c(d) = d**3 + 3*d**2 + 4*d - 1. What is c(w)?
-13
Let v(b) = b**2 + b + 13. Suppose -2*k = -4*k, -5*j - k - 10 = 0. Let h be 1 - (2 + (-3 - j)). Give v(h).
13
Let d(l) = l**2 + 18*l + 8. Let v = -1046 - -1028. What is d(v)?
8
Suppose -5*m - 4*n = 6, -4*m + 3*m - 6 = 2*n. Let g(v) = -2*v**2 + 2*v - 3*v + 2 - m*v. Let w(b) = 2*b**2 - 23*b + 8. Let h be w(11). Determine g(h).
-7
Let y(s) = 2*s**2 - 24*s + 9. Let c be y(11). Let m(b) = b**2 + 15*b + 24. Let k be m(c). Let x(q) = q**3 + q**2 + 3*q + 3. What is x(k)?
-7
Let g(i) = -i**3 - 5*i**2 + 3*i - 1. Let l(v) = -3*v + 0*v + 5 + 0 + 2. Let x be l(4). Give g(x).
-16
Let c(i) = 691*i**3 + i - 4 - 692*i**3 - 6*i + 7*i**2. Let j = 13 - 7. Determine c(j).
2
Suppose z = 3*r + 240, -3*z - 84 - 223 = 4*r. Let l = 81 + r. Let p(n) = -2*n - 2. Calculate p(l).
-6
Let n = 15 - 21. Let o(b) = 11*b**2 - b - 39. Let g(c) = 5*c**2 - c - 18. Let l(k) = -13*g(k) + 6*o(k). Give l(n).
-6
Let p(t) be the first derivative of -10*t**2 - 3*t + 457. What is p(-1)?
17
Let u(y) = -5*y + 9. Let s(q) = -2*q + 3. Let w(z) = -7*s(z) + 3*u(z). What is w(8)?
-2
Suppose 5*x + 4 = 4*p - 3, 2*x - 5 = -p. Let u(h) = -7 + h - 1 + p + 1. Calculate u(-3).
-7
Let r(w) = w + 4 - 4. Let i(l) = 2. Let o be 0 + (1 - -1) + 0/(-5). Let v(s) = o*r(s) - i(s). Give v(-2).
-6
Let j(c) = -c**3 + 9*c**2 + 11*c - 1. Let l be (62/(-8) + 9)*8. Give j(l).
9
Let h(v) = v. Suppose -7*p = -10*p + 12. Suppose -p*w = 2*r - 34, 2*w + r - 9 = w. Calculate h(w).
8
Let h be (-4)/12 - 8/3. Let r be h*(5 + -1 - 2). Let v(d) = -6*d**3 + 6*d + 2*d**3 + 3*d**3 + 2 + 2*d**3 + 7*d**2. Determine v(r).
2
Let h(n) = -8*n - 3. Let r(f) = 15*f + 6. Let g(c) = 9*h(c) + 5*r(c). Let x be 6/(-9)*(1 + 2). Give g(x).
-3
Suppose 0 = -2*i - 2*z + 2, -14*i + 16*i = -z + 7. Let l(k) = -k**3 + 7*k**2 - 9*k + 14. Calculate l(i).
-4
Let x(b) be the first derivative of b**3/3 + 7*b**2/2 + b + 1. Let m be (-3 - 0) + 360/9 - 1. Suppose 0 = 40*y - m*y + 24. Determine x(y).
-5
Let z(o) = -o + 2. Let m(u) = -28*u**3 - 2*u**2 - u + 2. Let t be m(-2). Let j be 9/11 - (-40)/t. Give z(j).
1
Let x(h) be the third derivative of -h**6/120 + h**5/15 + 5*h**3/6 + 65*h**2 - 7*h. Calculate x(4).
5
Let v(k) = -2*k - 3*k + 2*k + 2*k. Let d(z) = -2*z - 5. Let f(i) = -d(i) - v(i). Determine f(-5).
-10
Let v(d) = d**2 + 10*d + 3. Let l = 175 - 186. Calculate v(l).
14
Let f(c) = c + 376 - 184 - 13*c**2 - 193. Calculate f(1).
-13
Let n(g) = g**2 - 2*g - 202. Let u be n(-13). Let m(b) = 3*b + 25. What is m(u)?
4
Let n(c) = 285 - 285 - c. Let o(w) = -7*w - 1. Let g(b) = -6*n(b) + o(b). Give g(-5).
4
Let i(q) = -q**2 + 4*q - 6. Let y(x) = -2*x**2 + 8*x - 11. Let l(s) = -5*i(s) + 3*y(s). Let c be (-11)/(22/20)*(-1)/2. Suppose c*h - 22 = -2. Determine l(h).
-3
Let t(i) = -3*i + 4. Let u(l) = 9*l + 30. Let v(s) = -2*t(s) - u(s). What is v(-10)?
-8
Let q = 2 - 2. Let h(c) be the third derivative of -c**5/60 + 13*c**3/6 + 118*c**2 - 18*c. Calculate h(q).
13
Let r(p) = 4*p - 2. Suppose 17 + 10 = 9*h. Determine r(h).
10
Let a(d) = -5*d**3 - d**2 + d - 1. Let g(n) = 26*n**3 + 19*n**2 - 6*n + 9. Let y(t) = 